{"id":101,"date":"2014-09-06T12:09:09","date_gmt":"2014-09-06T10:09:09","guid":{"rendered":"http:\/\/uhal.cz\/?page_id=101"},"modified":"2020-02-07T14:23:56","modified_gmt":"2020-02-07T12:23:56","slug":"kontakt","status":"publish","type":"page","link":"https:\/\/uhal.sk\/?page_id=101","title":{"rendered":"Kontakt"},"content":{"rendered":"<p><img fetchpriority=\"high\" decoding=\"async\" class=\"wp-image-2292 alignleft\" src=\"http:\/\/uhal.sk\/staging-uhal-sk\/wp-content\/uploads\/2019\/06\/foto_pozdis.jpg\" alt=\"\" width=\"403\" height=\"227\" srcset=\"https:\/\/uhal.sk\/wp-content\/uploads\/2019\/06\/foto_pozdis.jpg 2000w, https:\/\/uhal.sk\/wp-content\/uploads\/2019\/06\/foto_pozdis-300x169.jpg 300w, https:\/\/uhal.sk\/wp-content\/uploads\/2019\/06\/foto_pozdis-768x432.jpg 768w, https:\/\/uhal.sk\/wp-content\/uploads\/2019\/06\/foto_pozdis-1024x576.jpg 1024w, https:\/\/uhal.sk\/wp-content\/uploads\/2019\/06\/foto_pozdis-335x188.jpg 335w, https:\/\/uhal.sk\/wp-content\/uploads\/2019\/06\/foto_pozdis-80x45.jpg 80w, https:\/\/uhal.sk\/wp-content\/uploads\/2019\/06\/foto_pozdis-130x73.jpg 130w\" sizes=\"(max-width: 403px) 100vw, 403px\" \/><\/p>\n<p><span style=\"font-weight: bold; color: #0b55c4; font-size: 12pt;\">Adresa prev\u00e1dzky:<\/span><\/p>\n<p><span style=\"font-size: 12pt;\"><span style=\"color: #0b55c4;\"><span style=\"color: #000000;\">UHAL trade s.r.o.<br \/>\nPozdi\u0161ovce 247<br \/>\n072 01\u00a0 Pozdi\u0161ovce<\/span><\/span><span style=\"color: #0b55c4;\"><span style=\"color: #000000;\"><br \/>\ntel.: +421 56 689 43 63<br \/>\n<\/span><\/span><span style=\"color: #0b55c4;\"><span style=\"color: #000000;\">email:<\/span> <span style=\"color: #333399;\">uhal@uhal.sk<\/span><\/span><\/span><\/p>\n<p><iframe style=\"border: 0;\" src=\"https:\/\/www.google.com\/maps\/embed?pb=!1m18!1m12!1m3!1d2631.8516103960933!2d21.861502215426142!3d48.72742701787345!2m3!1f0!2f0!3f0!3m2!1i1024!2i768!4f13.1!3m3!1m2!1s0x47392d833642b857%3A0xcd06b66c3a08778a!2sPozdi%C5%A1ovce+247%2C+072+01+Pozdi%C5%A1ovce!5e0!3m2!1ssk!2ssk!4v1547665253650\" width=\"600\" height=\"450\" frameborder=\"0\" allowfullscreen=\"allowfullscreen\"><\/iframe><\/p>\n<h6><span style=\"font-weight: bold; color: #0b55c4; font-size: 14pt;\">Poradenstvo a predaj:<\/span><\/h6>\n<p><span style=\"font-size: 12pt;\"><strong><img decoding=\"async\" class=\" wp-image-2614 alignleft\" src=\"http:\/\/uhal.sk\/staging-uhal-sk\/wp-content\/uploads\/2020\/02\/Fero-uprava-240x300.jpg\" alt=\"\" width=\"139\" height=\"174\" srcset=\"https:\/\/uhal.sk\/wp-content\/uploads\/2020\/02\/Fero-uprava-240x300.jpg 240w, https:\/\/uhal.sk\/wp-content\/uploads\/2020\/02\/Fero-uprava-335x419.jpg 335w, https:\/\/uhal.sk\/wp-content\/uploads\/2020\/02\/Fero-uprava-80x100.jpg 80w, https:\/\/uhal.sk\/wp-content\/uploads\/2020\/02\/Fero-uprava-130x163.jpg 130w, https:\/\/uhal.sk\/wp-content\/uploads\/2020\/02\/Fero-uprava.jpg 472w\" sizes=\"(max-width: 139px) 100vw, 139px\" \/><\/strong><\/span><\/p>\n<p><span style=\"font-size: 12pt; font-family: arial, helvetica, sans-serif;\"><strong>Ing. Franti\u0161ek Uhal<br \/>\n<\/strong>obchodn\u00fd riadite\u013e, konate\u013e firmy<\/span><\/p>\n<p><span style=\"font-size: 12pt; font-family: arial, helvetica, sans-serif;\">tel.:<strong> +421 911 400 357<\/strong><\/span><\/p>\n<p><span style=\"font-size: 12pt; font-family: arial, helvetica, sans-serif;\"> email: <span style=\"color: #000000;\"><strong>uhal@uhal.sk<\/strong><\/span><\/span><\/p>\n<h6><span style=\"font-size: 12pt; color: #ffffff; font-family: arial, helvetica, sans-serif;\"><strong><span style=\"font-weight: bold;\">a<\/span><\/strong><\/span><\/h6>\n<h6><span style=\"font-size: 12pt; color: #ffffff; font-family: arial, helvetica, sans-serif;\"><strong><span style=\"font-weight: bold;\">a<\/span><\/strong><\/span><\/h6>\n<h6><span style=\"font-size: 14pt; color: #333399; font-family: arial, helvetica, sans-serif;\"><strong><span style=\"color: #333399;\"><span style=\"font-weight: bold; color: #0b55c4;\">Servisn\u00e9 linky :<\/span><\/span> <\/strong><\/span><\/h6>\n<h6><span style=\"font-size: 12pt; color: #000000; font-family: arial, helvetica, sans-serif;\">tel.:<strong> +421 917 612 832 \u00a0 \u00a0 \u00a0 \u00a0 \u00a0 \u00a0 \u00a0<\/strong><\/span><span style=\"font-size: 12pt; color: #000000; font-family: arial, helvetica, sans-serif;\"><strong>\u00a0+421 948 515 102<\/strong><\/span><\/h6>\n<p><span style=\"font-family: arial, helvetica, sans-serif; font-size: 12pt;\">email: <strong>servis@uhal.sk \u00a0 \u00a0 \u00a0 \u00a0 \u00a0 \u00a0 \u00a0<\/strong><\/span><span style=\"font-size: 12pt; color: #000000; font-family: arial, helvetica, sans-serif;\">pracovn\u00e9 dni od<strong> 8,00 &#8211; 16,00<\/strong><\/span><\/p>\n<p><span style=\"font-weight: bold; color: #ffffff; font-size: 14pt; font-family: arial, helvetica, sans-serif;\">a<\/span><\/p>\n<p><span style=\"font-weight: bold; color: #0b55c4; font-size: 14pt; font-family: arial, helvetica, sans-serif;\">Predaj materi\u00e1lov, faktur\u00e1cia:<\/span><\/p>\n<p><span style=\"font-size: 12pt; font-family: arial, helvetica, sans-serif;\"><strong>tel: +421 56 689 43 63 \u00a0 \u00a0 \u00a0 \u00a0 \u00a0 \u00a0 \u00a0<\/strong><\/span><\/p>\n<p><span style=\"font-family: arial, helvetica, sans-serif; font-size: 12pt;\">email: <\/span><strong style=\"font-family: arial, helvetica, sans-serif; font-size: 12pt;\"><span style=\"color: #333399;\"><span style=\"color: #000000;\">uhal@uhal.sk<\/span> \u00a0 \u00a0 \u00a0 \u00a0 \u00a0 \u00a0 \u00a0 \u00a0\u00a0<\/span><\/strong><span style=\"font-family: arial, helvetica, sans-serif; font-size: 12pt;\">web: <strong>www.uhaleshop.sk<\/strong><\/span><\/p>\n<p><span style=\"color: #ffffff;\">a<\/span><\/p>\n<p><span style=\"font-weight: bold; color: #0b55c4; font-size: 14pt; font-family: arial, helvetica, sans-serif;\">Kontakt pre \u010cesk\u00fa republiku:<\/span><\/p>\n<p><span style=\"font-family: arial, helvetica, sans-serif; font-size: 12pt;\"><span style=\"color: #000000;\">UHAL trade cz s.r.o.<\/span><\/span><\/p>\n<p><span style=\"font-family: arial, helvetica, sans-serif; font-size: 12pt;\">ul. Na Pankr\u00e1ci 1003\/53,<\/span><\/p>\n<p><span style=\"font-family: arial, helvetica, sans-serif; font-size: 12pt;\">Praha 4 Nusle\u00a0<\/span><\/p>\n<p><span style=\"font-family: arial, helvetica, sans-serif; font-size: 12pt;\">GPS:50.0590683 14.4312219<\/span><\/p>\n<p><span style=\"font-family: arial, helvetica, sans-serif; font-size: 12pt;\"><strong>tel.\u00a0+420 720 10 95 90<\/strong><\/span><\/p>\n<p><span style=\"font-family: arial, helvetica, sans-serif; font-size: 12pt;\">email:<span style=\"color: #333399;\">\u00a0<\/span><span style=\"color: #000000;\"><strong>uhal@uhal.cz \u00a0 \u00a0 \u00a0 \u00a0 \u00a0 \u00a0 \u00a0 \u00a0<\/strong><\/span><span style=\"color: #333399;\"><span style=\"color: #000000;\">web: \u00a0<strong>www.uhal.cz<\/strong><\/span><\/span><br \/>\n<\/span><\/p>\n<h6><span style=\"color: #ffffff;\">a<\/span><\/h6>\n<h6><span style=\"color: #000000; font-size: 14pt;\"><strong>M\u00e1te na n\u00e1s dotazy ? Nap\u00ed\u0161te n\u00e1m.<\/strong><\/span><br \/>\n<span style=\"font-size: 10pt;\">[contact-form-7 404 \"Not Found\"]<\/span><\/h6>\n","protected":false},"excerpt":{"rendered":"<p>Adresa prev\u00e1dzky: UHAL trade s.r.o. Pozdi\u0161ovce 247 072 01\u00a0 Pozdi\u0161ovce tel.: +421 56 689 43 63 email: uhal@uhal.sk Poradenstvo a predaj: Ing. Franti\u0161ek Uhal obchodn\u00fd riadite\u013e, konate\u013e firmy tel.: +421 911 400 357 email: uhal@uhal.sk a a Servisn\u00e9 linky : tel.: +421 917 612 832 \u00a0 \u00a0 \u00a0 \u00a0 \u00a0 \u00a0 \u00a0\u00a0+421 948 515 102 email: servis@uhal.sk \u00a0 \u00a0 \u00a0 \u00a0 \u00a0 \u00a0 \u00a0pracovn\u00e9 dni od 8,00 &#8211; 16,00 a Predaj materi\u00e1lov, faktur\u00e1cia: tel: +421 56 689 43 63 \u00a0 \u00a0 \u00a0 \u00a0 \u00a0 \u00a0 \u00a0 email: uhal@uhal.sk \u00a0 \u00a0&nbsp;<a href=\"https:\/\/uhal.sk\/?page_id=101\" class=\"read-more\">Continue Reading<\/a><\/p>\n","protected":false},"author":2,"featured_media":0,"parent":0,"menu_order":0,"comment_status":"open","ping_status":"open","template":"page-fullwidth.php","meta":{"advgb_blocks_editor_width":"","advgb_blocks_columns_visual_guide":"","footnotes":""},"class_list":["post-101","page","type-page","status-publish","hentry"],"aioseo_notices":[],"coauthors":[],"author_meta":{"author_link":"https:\/\/uhal.sk\/?author=2","display_name":"Franti\u0161ek Uhal"},"relative_dates":{"created":"Posted 12 rokov ago","modified":"Updated 6 rokov ago"},"absolute_dates":{"created":"Posted on 6. septembra 2014","modified":"Updated on 7. febru\u00e1ra 2020"},"absolute_dates_time":{"created":"Posted on 6. septembra 2014 12:09","modified":"Updated on 7. febru\u00e1ra 2020 14:23"},"featured_img_caption":"","featured_img":false,"series_order":"","_links":{"self":[{"href":"https:\/\/uhal.sk\/index.php?rest_route=\/wp\/v2\/pages\/101","targetHints":{"allow":["GET"]}}],"collection":[{"href":"https:\/\/uhal.sk\/index.php?rest_route=\/wp\/v2\/pages"}],"about":[{"href":"https:\/\/uhal.sk\/index.php?rest_route=\/wp\/v2\/types\/page"}],"author":[{"embeddable":true,"href":"https:\/\/uhal.sk\/index.php?rest_route=\/wp\/v2\/users\/2"}],"replies":[{"embeddable":true,"href":"https:\/\/uhal.sk\/index.php?rest_route=%2Fwp%2Fv2%2Fcomments&post=101"}],"version-history":[{"count":71,"href":"https:\/\/uhal.sk\/index.php?rest_route=\/wp\/v2\/pages\/101\/revisions"}],"predecessor-version":[{"id":2641,"href":"https:\/\/uhal.sk\/index.php?rest_route=\/wp\/v2\/pages\/101\/revisions\/2641"}],"wp:attachment":[{"href":"https:\/\/uhal.sk\/index.php?rest_route=%2Fwp%2Fv2%2Fmedia&parent=101"}],"curies":[{"name":"wp","href":"https:\/\/api.w.org\/{rel}","templated":true}]}}