{"id":139,"date":"2014-09-06T13:27:16","date_gmt":"2014-09-06T11:27:16","guid":{"rendered":"http:\/\/uhal.cz\/?page_id=139"},"modified":"2017-10-21T22:32:41","modified_gmt":"2017-10-21T20:32:41","slug":"tiskarny","status":"publish","type":"page","link":"https:\/\/uhal.sk\/?page_id=139","title":{"rendered":"Tla\u010diarne"},"content":{"rendered":"<p><span style=\"font-size: 14pt;\"><span style=\"color: #333399;\"><span style=\"color: #000080;\">Tla\u010diarne<br \/>\n<\/span><\/span><\/span><\/p>\n<hr \/>\n<p><a href=\"http:\/\/uhal.sk\/staging-uhal-sk\/produkty\/tiskarny\/uv-tiskarny\/\"><img fetchpriority=\"high\" decoding=\"async\" id=\"__wp-temp-img-id\" class=\"\" src=\"http:\/\/uhal.sk\/staging-uhal-sk\/wp-content\/uploads\/2017\/10\/GCC-printer-copy.jpg\" alt=\"\" width=\"381\" height=\"153\" \/><\/a><\/p>\n<p><span style=\"font-size: 12pt;\"><a href=\"http:\/\/uhal.sk\/staging-uhal-sk\/produkty\/tiskarny\/uv-tiskarny\/\">UV tla\u010diarne<\/a><\/span><\/p>\n<hr \/>\n<p><a href=\"http:\/\/uhal.sk\/staging-uhal-sk\/?p=1049\"><img decoding=\"async\" id=\"__wp-temp-img-id\" class=\"\" src=\"http:\/\/uhal.cz\/wp-content\/uploads\/2014\/09\/Mutoh-vj-13241.jpg\" alt=\"\" width=\"374\" height=\"150\" \/><\/a><\/p>\n<p><span style=\"font-size: 12pt;\"><a href=\"http:\/\/uhal.sk\/staging-uhal-sk\/?p=1049\">Tla\u010dov\u00e9 plotre<\/a><br \/>\n<\/span><\/p>\n<hr \/>\n<p><a href=\"http:\/\/uhal.sk\/staging-uhal-sk\/?p=997\"><img decoding=\"async\" id=\"__wp-temp-img-id\" class=\"\" src=\"http:\/\/uhal.cz\/wp-content\/uploads\/2014\/09\/okiwhite.jpg\" alt=\"\" width=\"374\" height=\"150\" \/><\/a><\/p>\n<p><span style=\"font-size: 12pt;\"><a href=\"http:\/\/uhal.sk\/staging-uhal-sk\/?p=997\">Laserov\u00e1 tla\u010d s bielym tonerom a fluorescen\u010dn\u00fdmi tonermi<\/a><\/span><\/p>\n<hr \/>\n<p><a href=\"http:\/\/uhal.sk\/staging-uhal-sk\/?p=992\"><img loading=\"lazy\" decoding=\"async\" id=\"__wp-temp-img-id\" class=\"\" src=\"http:\/\/uhal.cz\/wp-content\/uploads\/2014\/09\/ricoh-sublijet.jpg\" alt=\"\" width=\"374\" height=\"150\" \/><\/a><\/p>\n<p><span style=\"font-size: 12pt;\"><a href=\"http:\/\/uhal.sk\/staging-uhal-sk\/?p=992\">Sublim\u00e1cia<\/a><\/span><\/p>\n<hr \/>\n<p>&nbsp;<\/p>\n<p>&nbsp;<\/p>\n<p>&nbsp;<\/p>\n","protected":false},"excerpt":{"rendered":"<p>Tla\u010diarne UV tla\u010diarne Tla\u010dov\u00e9 plotre Laserov\u00e1 tla\u010d s bielym tonerom a fluorescen\u010dn\u00fdmi tonermi Sublim\u00e1cia &nbsp; &nbsp; &nbsp;<\/p>\n","protected":false},"author":2,"featured_media":0,"parent":122,"menu_order":0,"comment_status":"open","ping_status":"open","template":"page-fullwidth.php","meta":{"advgb_blocks_editor_width":"","advgb_blocks_columns_visual_guide":"","footnotes":""},"class_list":["post-139","page","type-page","status-publish","hentry"],"aioseo_notices":[],"coauthors":[],"author_meta":{"author_link":"https:\/\/uhal.sk\/?author=2","display_name":"Franti\u0161ek Uhal"},"relative_dates":{"created":"Posted 12 rokov ago","modified":"Updated 9 rokov ago"},"absolute_dates":{"created":"Posted on 6. septembra 2014","modified":"Updated on 21. okt\u00f3bra 2017"},"absolute_dates_time":{"created":"Posted on 6. septembra 2014 13:27","modified":"Updated on 21. okt\u00f3bra 2017 22:32"},"featured_img_caption":"","featured_img":false,"series_order":"","_links":{"self":[{"href":"https:\/\/uhal.sk\/index.php?rest_route=\/wp\/v2\/pages\/139","targetHints":{"allow":["GET"]}}],"collection":[{"href":"https:\/\/uhal.sk\/index.php?rest_route=\/wp\/v2\/pages"}],"about":[{"href":"https:\/\/uhal.sk\/index.php?rest_route=\/wp\/v2\/types\/page"}],"author":[{"embeddable":true,"href":"https:\/\/uhal.sk\/index.php?rest_route=\/wp\/v2\/users\/2"}],"replies":[{"embeddable":true,"href":"https:\/\/uhal.sk\/index.php?rest_route=%2Fwp%2Fv2%2Fcomments&post=139"}],"version-history":[{"count":19,"href":"https:\/\/uhal.sk\/index.php?rest_route=\/wp\/v2\/pages\/139\/revisions"}],"predecessor-version":[{"id":1927,"href":"https:\/\/uhal.sk\/index.php?rest_route=\/wp\/v2\/pages\/139\/revisions\/1927"}],"up":[{"embeddable":true,"href":"https:\/\/uhal.sk\/index.php?rest_route=\/wp\/v2\/pages\/122"}],"wp:attachment":[{"href":"https:\/\/uhal.sk\/index.php?rest_route=%2Fwp%2Fv2%2Fmedia&parent=139"}],"curies":[{"name":"wp","href":"https:\/\/api.w.org\/{rel}","templated":true}]}}