{"id":3467,"date":"2021-01-06T16:47:58","date_gmt":"2021-01-06T14:47:58","guid":{"rendered":"http:\/\/uhal.sk\/?page_id=3467"},"modified":"2021-01-11T19:31:49","modified_gmt":"2021-01-11T17:31:49","slug":"ekonomicke-laserove-systemy","status":"publish","type":"page","link":"https:\/\/uhal.sk\/?page_id=3467","title":{"rendered":"EKONOMICK\u00c9 LASERY"},"content":{"rendered":"<ul>\n<li><span style=\"color: #ff9900;\"><span style=\"font-family: arial, helvetica, sans-serif; font-size: 14pt;\">H\u013ead\u00e1te cenovo v\u00fdhodn\u00e9 lasery na menej n\u00e1ro\u010dn\u00e9 aplik\u00e1cie?<\/span><\/span><\/li>\n<li><span style=\"color: #ff9900;\"><span style=\"font-family: arial, helvetica, sans-serif; font-size: 14pt;\">Za\u010d\u00ednate s laserov\u00fdm biznisom a h\u013ead\u00e1te lacn\u00fd a z\u00e1rove\u0148 spo\u013eahliv\u00fd laser?<\/span><\/span><\/li>\n<li><span style=\"color: #ff9900;\"><span style=\"font-family: arial, helvetica, sans-serif; font-size: 14pt;\">Rie\u0161en\u00edm s\u00fa na\u0161e ekonomick\u00e9 laserov\u00e9 syst\u00e9my.<\/span><\/span><\/li>\n<\/ul>\n<p><span style=\"font-family: arial, helvetica, sans-serif; font-size: 14pt; color: #808080;\">1, CO<span style=\"font-size: 10pt;\">2<\/span> Lasery plotrovej kon\u0161trukcie.<\/span><\/p>\n<p><span style=\"font-family: arial, helvetica, sans-serif; color: #808080; font-size: 12pt;\">S\u00fa to lasery vhodn\u00e9 na rezanie a grav\u00edrovanie nekovov\u00fdch materi\u00e1lov ako je akryl, drevo, preglejky, papier, korok, textil, sklo, mramor, natieran\u00e9 kovy a pod.<\/span><\/p>\n\n\n<div class=\"wp-block-advgb-columns advgb-columns-wrapper\" id=\"advgb-cols-42fc88a8-7d03-49ba-b9f4-a7cc06533fc4\"><div class=\"advgb-columns-container\"><div class=\"advgb-columns advgb-columns-row advgb-is-mobile advgb-columns-3 layout-13-13-13 mbl-layout-stacked gutter-10 vgutter-10\">\n<div class=\"wp-block-advgb-column advgb-column advgb-is-one-third-tablet advgb-is-full-mobile\" id=\"advgb-col-0ce78126-42f3-4f74-9543-c30d126eea62\"><div class=\"advgb-column-inner\" style=\"border-style:none;border-width:1px\">\n<div class=\"wp-block-image\"><figure class=\"aligncenter\"><a href=\"https:\/\/uhal.sk\/staging-uhal-sk\/lotus-lasery\/\"><img fetchpriority=\"high\" decoding=\"async\" width=\"510\" height=\"471\" src=\"https:\/\/uhal.sk\/staging-uhal-sk\/wp-content\/uploads\/2021\/01\/Lotus-Blu100-1.png\" alt=\"\" class=\"wp-image-3498\" srcset=\"https:\/\/uhal.sk\/wp-content\/uploads\/2021\/01\/Lotus-Blu100-1.png 510w, https:\/\/uhal.sk\/wp-content\/uploads\/2021\/01\/Lotus-Blu100-1-300x277.png 300w, https:\/\/uhal.sk\/wp-content\/uploads\/2021\/01\/Lotus-Blu100-1-335x309.png 335w, https:\/\/uhal.sk\/wp-content\/uploads\/2021\/01\/Lotus-Blu100-1-80x74.png 80w, https:\/\/uhal.sk\/wp-content\/uploads\/2021\/01\/Lotus-Blu100-1-130x120.png 130w\" sizes=\"(max-width: 510px) 100vw, 510px\" \/><\/a><figcaption><strong>LASERY LOTUS<\/strong><\/figcaption><\/figure><\/div>\n\n\n\n<div class=\"wp-block-advgb-video advgb-video-block full-width advgb-video-lightbox\" data-video=\"https:\/\/www.youtube.com\/embed\/uC_axp-eOak?rel=0&amp;wmode=transparent\" data-source=\"youtube\" data-video-attr=\"controls,playsinline\" data-video-preload=\"metadata\"><div class=\"advgb-video-wrapper full-width\" style=\"background-color:#EEEEEE\"><div class=\"advgb-video-poster\" style=\"background-image:url(https:\/\/i.ytimg.com\/vi\/uC_axp-eOak\/hqdefault.jpg)\"><\/div><div class=\"advgb-button-wrapper\" style=\"height:300px\"><div class=\"advgb-play-button\" style=\"color:#fff\"><svg xmlns=\"http:\/\/www.w3.org\/2000\/svg\" width=\"80\" height=\"80\" viewbox=\"0 0 24 24\"><path d=\"M8 5v14l11-7z\"><\/path><path d=\"M0 0h24v24H0z\" fill=\"none\"><\/path><\/svg><\/div><\/div><\/div><\/div>\n\n\n\n<p style=\"font-size:14px;text-align:left\"><\/p>\n\n\n\n<p><strong>Hlavn\u00e9 v\u00fdhody:<\/strong><br>&#8211; vyr\u00e1baj\u00fa sa vo Ve\u013ekej Brit\u00e1n\u00ed\u00ed<br>&#8211; s\u00fa ur\u010den\u00e9 hlavne na rezanie akrylu, dreva, papiera, textilu, ko\u017ee, plastov a pod.<br>&#8211; s\u00fa osaden\u00e9 sklenen\u00fdmi laserov\u00fdmi trubicami s vynikaj\u00facou kvalitou rezania<br>&#8211; spo\u013eahliv\u00e1 technick\u00e1 podpora<br>&#8211; kvalitn\u00e9 pohony a vedenia<br>&#8211; americk\u00e9 \u0161o\u0161ovky a zrkadielka<br>&#8211; ceny porovnate\u013en\u00e9 s lasermi vyroben\u00fdmi v \u010c\u00edne<br><a href=\"https:\/\/uhal.sk\/staging-uhal-sk\/lotus-lasery\/\">Bli\u017e\u0161ie inform\u00e1cie.<\/a><\/p>\n\n\n\n<div class=\"wp-block-advgb-button alignleft\"><a class=\"wp-block-advgb-button_link advgbbtn-1582402a-9533-4a67-b1eb-9543669784c1\" href=\"#\" target=\"_blank\" rel=\"noopener noreferrer\">K\u00daPI\u0164 <\/a><\/div>\n<\/div><\/div>\n\n\n\n<div class=\"wp-block-advgb-column advgb-column advgb-is-one-third-tablet advgb-is-full-mobile\" id=\"advgb-col-519689b1-35f6-4c32-9ac2-a2a61528afd4\"><div class=\"advgb-column-inner\" style=\"border-style:none;border-width:1px\">\n<div class=\"wp-block-image\"><figure class=\"aligncenter\"><a href=\"http:\/\/uhal.sk\/staging-uhal-sk\/wp-content\/uploads\/2021\/01\/prospekt-AEON.pdf\"><img decoding=\"async\" width=\"510\" height=\"471\" src=\"https:\/\/uhal.sk\/staging-uhal-sk\/wp-content\/uploads\/2021\/01\/MIRA5-2.jpg\" alt=\"\" class=\"wp-image-3500\" srcset=\"https:\/\/uhal.sk\/wp-content\/uploads\/2021\/01\/MIRA5-2.jpg 510w, https:\/\/uhal.sk\/wp-content\/uploads\/2021\/01\/MIRA5-2-300x277.jpg 300w, https:\/\/uhal.sk\/wp-content\/uploads\/2021\/01\/MIRA5-2-335x309.jpg 335w, https:\/\/uhal.sk\/wp-content\/uploads\/2021\/01\/MIRA5-2-80x74.jpg 80w, https:\/\/uhal.sk\/wp-content\/uploads\/2021\/01\/MIRA5-2-130x120.jpg 130w\" sizes=\"(max-width: 510px) 100vw, 510px\" \/><\/a><figcaption><strong>LASERY AEON<\/strong><\/figcaption><\/figure><\/div>\n\n\n\n<div class=\"wp-block-advgb-video advgb-video-block full-width advgb-video-lightbox\" data-video=\"https:\/\/www.youtube.com\/embed\/AgxbOD8-pzU?rel=0&amp;wmode=transparent\" data-source=\"youtube\" data-video-attr=\"controls,playsinline\" data-video-preload=\"metadata\"><div class=\"advgb-video-wrapper full-width\" style=\"background-color:#EEEEEE\"><div class=\"advgb-video-poster\" style=\"background-image:url(https:\/\/i.ytimg.com\/vi\/AgxbOD8-pzU\/hqdefault.jpg)\"><\/div><div class=\"advgb-button-wrapper\" style=\"height:300px\"><div class=\"advgb-play-button\" style=\"color:#fff\"><svg xmlns=\"http:\/\/www.w3.org\/2000\/svg\" width=\"80\" height=\"80\" viewbox=\"0 0 24 24\"><path d=\"M8 5v14l11-7z\"><\/path><path d=\"M0 0h24v24H0z\" fill=\"none\"><\/path><\/svg><\/div><\/div><\/div><\/div>\n\n\n\n<p style=\"font-size:14px;text-align:left\"><\/p>\n\n\n\n<p><strong>Hlavn\u00e9 v\u00fdhody:<\/strong><br>&#8211; pr\u00e9miov\u00fd v\u00fdrobca z \u010c\u00edny<br>&#8211; s\u00fa ur\u010den\u00e9 hlavne na rezanie a grav\u00edrovanie akrylu, dreva, papiera, textilu, ko\u017ee, plastov a pod.<br>&#8211; prec\u00edzne spracovanie a prachotesn\u00e1 kon\u0161trukcia<br>&#8211; vysok\u00e1 grav\u00edrovacia r\u00fdchlos\u0165<br>&#8211; chladiaca jednotka, kompresor a ods\u00e1vac\u00ed ventil\u00e1tor je zabudovan\u00fd do skrine lasera <br>&#8211; maj\u00fa sklenen\u00e9 alebo kovov\u00e9 RF laserov\u00e9 trubice<br>&#8211; vynikaj\u00face ceny<br><a href=\"http:\/\/uhal.sk\/staging-uhal-sk\/wp-content\/uploads\/2021\/01\/prospekt-AEON.pdf\">Bli\u017e\u0161ie inform\u00e1cie.<\/a><\/p>\n\n\n\n<div class=\"wp-block-advgb-button alignnone\"><a class=\"wp-block-advgb-button_link advgbbtn-6e6627d3-335a-4098-970e-ace03bea1b4f\" href=\"#\" target=\"_blank\" rel=\"noopener noreferrer\">K\u00daPI\u0164<\/a><\/div>\n<\/div><\/div>\n\n\n\n<div class=\"wp-block-advgb-column advgb-column advgb-is-one-third-tablet advgb-is-full-mobile\" id=\"advgb-col-bb9c7dbf-6af8-4e0c-8431-2849a7b65ecd\"><div class=\"advgb-column-inner\" style=\"border-style:none;border-width:1px\">\n<div class=\"wp-block-image\"><figure class=\"aligncenter\"><a href=\"https:\/\/uhal.sk\/staging-uhal-sk\/produkty\/laserove-systemy\/gcc-lasery\/\"><img decoding=\"async\" width=\"510\" height=\"471\" src=\"https:\/\/uhal.sk\/staging-uhal-sk\/wp-content\/uploads\/2021\/01\/mercury-III-1-2.jpg\" alt=\"\" class=\"wp-image-3501\" srcset=\"https:\/\/uhal.sk\/wp-content\/uploads\/2021\/01\/mercury-III-1-2.jpg 510w, https:\/\/uhal.sk\/wp-content\/uploads\/2021\/01\/mercury-III-1-2-300x277.jpg 300w, https:\/\/uhal.sk\/wp-content\/uploads\/2021\/01\/mercury-III-1-2-335x309.jpg 335w, https:\/\/uhal.sk\/wp-content\/uploads\/2021\/01\/mercury-III-1-2-80x74.jpg 80w, https:\/\/uhal.sk\/wp-content\/uploads\/2021\/01\/mercury-III-1-2-130x120.jpg 130w\" sizes=\"(max-width: 510px) 100vw, 510px\" \/><\/a><figcaption><strong>LASERY GCC<\/strong><\/figcaption><\/figure><\/div>\n\n\n\n<div class=\"wp-block-advgb-video advgb-video-block full-width advgb-video-lightbox\" data-video=\"https:\/\/www.youtube.com\/embed\/rtrmwWKeiWo?rel=0&amp;wmode=transparent\" data-source=\"youtube\" data-video-attr=\"controls,playsinline\" data-video-preload=\"metadata\"><div class=\"advgb-video-wrapper full-width\" style=\"background-color:#EEEEEE\"><div class=\"advgb-video-poster\" style=\"background-image:url(https:\/\/i.ytimg.com\/vi\/rtrmwWKeiWo\/hqdefault.jpg)\"><\/div><div class=\"advgb-button-wrapper\" style=\"height:300px\"><div class=\"advgb-play-button\" style=\"color:#fff\"><svg xmlns=\"http:\/\/www.w3.org\/2000\/svg\" width=\"80\" height=\"80\" viewbox=\"0 0 24 24\"><path d=\"M8 5v14l11-7z\"><\/path><path d=\"M0 0h24v24H0z\" fill=\"none\"><\/path><\/svg><\/div><\/div><\/div><\/div>\n\n\n\n<p style=\"font-size:14px\"><\/p>\n\n\n\n<p><strong>Hlavn\u00e9 v\u00fdhody:<\/strong><br>&#8211; pr\u00e9miov\u00fd v\u00fdrobca z Taiwanu<br>&#8211; s\u00fa ur\u010den\u00e9 hlavne na rezanie a grav\u00edrovanie akrylu, dreva, papiera, textilu, ko\u017ee, plastov a pod.<br>&#8211; profesion\u00e1lny ovl\u00e1da\u010d &#8211; print driver, posielanie d\u00e1t priamo z Corel Draw alebo Illustratoru<br>&#8211; maj\u00fa americk\u00e9 kovov\u00e9 RF laserov\u00e9 trubice + sklenen\u00e9 trubice RECI<br>&#8211; vysok\u00e1 grav\u00edrovacia kvalita<br>&#8211; vyhodn\u00fd pomer ceny a kvality<br><a href=\"https:\/\/uhal.sk\/staging-uhal-sk\/produkty\/laserove-systemy\/gcc-lasery\/\">Bli\u017e\u0161ie inform\u00e1cie.<\/a><\/p>\n\n\n\n<div class=\"wp-block-advgb-button alignnone\"><a class=\"wp-block-advgb-button_link advgbbtn-bf4d9cbc-0a4b-4cab-b6ab-40aed23b8887\" href=\"#\" target=\"_blank\" rel=\"noopener noreferrer\">K\u00daPI\u0164<\/a><\/div>\n<\/div><\/div>\n<\/div><\/div><\/div>\n<style class=\"advgb-styles-renderer\">.advgbbtn-1582402a-9533-4a67-b1eb-9543669784c1{font-size:18px;color:#fff !important;background-color:#2196f3 !important;margin:0px 0px 0px 0px !important;padding:10px 30px 10px 30px;border-width:1px !important;border-style:none;border-radius:50px !important;}.advgbbtn-1582402a-9533-4a67-b1eb-9543669784c1:hover{box-shadow:1px 1px 12px 0px #ccc;opacity:1;transition:all 0.2s ease;}.advgbbtn-1582402a-9533-4a67-b1eb-9543669784c1 > i {display: none !important;}#advgb-col-0ce78126-42f3-4f74-9543-c30d126eea62>.advgb-column-inner{}@media screen and (max-width: 1023px) {#advgb-col-0ce78126-42f3-4f74-9543-c30d126eea62>.advgb-column-inner{}}@media screen and (max-width: 767px) {#advgb-col-0ce78126-42f3-4f74-9543-c30d126eea62>.advgb-column-inner{}}.advgbbtn-1582402a-9533-4a67-b1eb-9543669784c1{font-size:18px;color:#fff !important;background-color:#2196f3 !important;margin:0px 0px 0px 0px !important;padding:10px 30px 10px 30px;border-width:1px !important;border-style:none;border-radius:50px !important;}.advgbbtn-1582402a-9533-4a67-b1eb-9543669784c1:hover{box-shadow:1px 1px 12px 0px #ccc;opacity:1;transition:all 0.2s ease;}.advgbbtn-1582402a-9533-4a67-b1eb-9543669784c1 > i {display: none !important;}.advgbbtn-6e6627d3-335a-4098-970e-ace03bea1b4f{font-size:18px;color:#fff !important;background-color:#2196f3 !important;margin:0px 0px 0px 0px !important;padding:10px 30px 10px 30px;border-width:1px !important;border-style:none;border-radius:50px !important;}.advgbbtn-6e6627d3-335a-4098-970e-ace03bea1b4f:hover{box-shadow:1px 1px 12px 0px #ccc;opacity:1;transition:all 0.2s ease;}.advgbbtn-6e6627d3-335a-4098-970e-ace03bea1b4f > i {display: none !important;}#advgb-col-519689b1-35f6-4c32-9ac2-a2a61528afd4>.advgb-column-inner{}@media screen and (max-width: 1023px) {#advgb-col-519689b1-35f6-4c32-9ac2-a2a61528afd4>.advgb-column-inner{}}@media screen and (max-width: 767px) {#advgb-col-519689b1-35f6-4c32-9ac2-a2a61528afd4>.advgb-column-inner{}}.advgbbtn-6e6627d3-335a-4098-970e-ace03bea1b4f{font-size:18px;color:#fff !important;background-color:#2196f3 !important;margin:0px 0px 0px 0px !important;padding:10px 30px 10px 30px;border-width:1px !important;border-style:none;border-radius:50px !important;}.advgbbtn-6e6627d3-335a-4098-970e-ace03bea1b4f:hover{box-shadow:1px 1px 12px 0px #ccc;opacity:1;transition:all 0.2s ease;}.advgbbtn-6e6627d3-335a-4098-970e-ace03bea1b4f > i {display: none !important;}.advgbbtn-bf4d9cbc-0a4b-4cab-b6ab-40aed23b8887{font-size:18px;color:#fff !important;background-color:#2196f3 !important;margin:0px 0px 0px 0px !important;padding:10px 30px 10px 30px;border-width:1px !important;border-style:none;border-radius:50px !important;}.advgbbtn-bf4d9cbc-0a4b-4cab-b6ab-40aed23b8887:hover{box-shadow:1px 1px 12px 0px #ccc;opacity:1;transition:all 0.2s ease;}.advgbbtn-bf4d9cbc-0a4b-4cab-b6ab-40aed23b8887 > i {display: none !important;}#advgb-col-bb9c7dbf-6af8-4e0c-8431-2849a7b65ecd>.advgb-column-inner{}@media screen and (max-width: 1023px) {#advgb-col-bb9c7dbf-6af8-4e0c-8431-2849a7b65ecd>.advgb-column-inner{}}@media screen and (max-width: 767px) {#advgb-col-bb9c7dbf-6af8-4e0c-8431-2849a7b65ecd>.advgb-column-inner{}}.advgbbtn-bf4d9cbc-0a4b-4cab-b6ab-40aed23b8887{font-size:18px;color:#fff !important;background-color:#2196f3 !important;margin:0px 0px 0px 0px !important;padding:10px 30px 10px 30px;border-width:1px !important;border-style:none;border-radius:50px !important;}.advgbbtn-bf4d9cbc-0a4b-4cab-b6ab-40aed23b8887:hover{box-shadow:1px 1px 12px 0px #ccc;opacity:1;transition:all 0.2s ease;}.advgbbtn-bf4d9cbc-0a4b-4cab-b6ab-40aed23b8887 > i {display: none !important;}#advgb-cols-42fc88a8-7d03-49ba-b9f4-a7cc06533fc4{}@media screen and (max-width: 1023px) {#advgb-cols-42fc88a8-7d03-49ba-b9f4-a7cc06533fc4{}}@media screen and (max-width: 767px) {#advgb-cols-42fc88a8-7d03-49ba-b9f4-a7cc06533fc4{}}#advgb-col-0ce78126-42f3-4f74-9543-c30d126eea62>.advgb-column-inner{}@media screen and (max-width: 1023px) {#advgb-col-0ce78126-42f3-4f74-9543-c30d126eea62>.advgb-column-inner{}}@media screen and (max-width: 767px) {#advgb-col-0ce78126-42f3-4f74-9543-c30d126eea62>.advgb-column-inner{}}.advgbbtn-1582402a-9533-4a67-b1eb-9543669784c1{font-size:18px;color:#fff !important;background-color:#2196f3 !important;margin:0px 0px 0px 0px !important;padding:10px 30px 10px 30px;border-width:1px !important;border-style:none;border-radius:50px !important;}.advgbbtn-1582402a-9533-4a67-b1eb-9543669784c1:hover{box-shadow:1px 1px 12px 0px #ccc;opacity:1;transition:all 0.2s ease;}.advgbbtn-1582402a-9533-4a67-b1eb-9543669784c1 > i {display: none !important;}#advgb-col-519689b1-35f6-4c32-9ac2-a2a61528afd4>.advgb-column-inner{}@media screen and (max-width: 1023px) {#advgb-col-519689b1-35f6-4c32-9ac2-a2a61528afd4>.advgb-column-inner{}}@media screen and (max-width: 767px) {#advgb-col-519689b1-35f6-4c32-9ac2-a2a61528afd4>.advgb-column-inner{}}.advgbbtn-6e6627d3-335a-4098-970e-ace03bea1b4f{font-size:18px;color:#fff !important;background-color:#2196f3 !important;margin:0px 0px 0px 0px !important;padding:10px 30px 10px 30px;border-width:1px !important;border-style:none;border-radius:50px !important;}.advgbbtn-6e6627d3-335a-4098-970e-ace03bea1b4f:hover{box-shadow:1px 1px 12px 0px #ccc;opacity:1;transition:all 0.2s ease;}.advgbbtn-6e6627d3-335a-4098-970e-ace03bea1b4f > i {display: none !important;}#advgb-col-bb9c7dbf-6af8-4e0c-8431-2849a7b65ecd>.advgb-column-inner{}@media screen and (max-width: 1023px) {#advgb-col-bb9c7dbf-6af8-4e0c-8431-2849a7b65ecd>.advgb-column-inner{}}@media screen and (max-width: 767px) {#advgb-col-bb9c7dbf-6af8-4e0c-8431-2849a7b65ecd>.advgb-column-inner{}}.advgbbtn-bf4d9cbc-0a4b-4cab-b6ab-40aed23b8887{font-size:18px;color:#fff !important;background-color:#2196f3 !important;margin:0px 0px 0px 0px !important;padding:10px 30px 10px 30px;border-width:1px !important;border-style:none;border-radius:50px !important;}.advgbbtn-bf4d9cbc-0a4b-4cab-b6ab-40aed23b8887:hover{box-shadow:1px 1px 12px 0px #ccc;opacity:1;transition:all 0.2s ease;}.advgbbtn-bf4d9cbc-0a4b-4cab-b6ab-40aed23b8887 > i {display: none !important;}<\/style>","protected":false},"excerpt":{"rendered":"<p>H\u013ead\u00e1te cenovo v\u00fdhodn\u00e9 lasery na menej n\u00e1ro\u010dn\u00e9 aplik\u00e1cie? Za\u010d\u00ednate s laserov\u00fdm biznisom a h\u013ead\u00e1te lacn\u00fd a z\u00e1rove\u0148 spo\u013eahliv\u00fd laser? Rie\u0161en\u00edm s\u00fa na\u0161e ekonomick\u00e9 laserov\u00e9 syst\u00e9my. 1, CO2 Lasery plotrovej kon\u0161trukcie. S\u00fa to lasery vhodn\u00e9 na rezanie a grav\u00edrovanie nekovov\u00fdch materi\u00e1lov ako je akryl, drevo, preglejky, papier, korok, textil, sklo, mramor, natieran\u00e9 kovy a pod.<\/p>\n","protected":false},"author":2,"featured_media":0,"parent":0,"menu_order":0,"comment_status":"closed","ping_status":"closed","template":"page-fullwidth.php","meta":{"advgb_blocks_editor_width":"","advgb_blocks_columns_visual_guide":"","footnotes":""},"class_list":["post-3467","page","type-page","status-publish","hentry"],"aioseo_notices":[],"coauthors":[],"author_meta":{"author_link":"https:\/\/uhal.sk\/?author=2","display_name":"Franti\u0161ek Uhal"},"relative_dates":{"created":"Posted 5 rokov ago","modified":"Updated 5 rokov ago"},"absolute_dates":{"created":"Posted on 6. janu\u00e1ra 2021","modified":"Updated on 11. janu\u00e1ra 2021"},"absolute_dates_time":{"created":"Posted on 6. janu\u00e1ra 2021 16:47","modified":"Updated on 11. janu\u00e1ra 2021 19:31"},"featured_img_caption":"","featured_img":false,"series_order":"","_links":{"self":[{"href":"https:\/\/uhal.sk\/index.php?rest_route=\/wp\/v2\/pages\/3467","targetHints":{"allow":["GET"]}}],"collection":[{"href":"https:\/\/uhal.sk\/index.php?rest_route=\/wp\/v2\/pages"}],"about":[{"href":"https:\/\/uhal.sk\/index.php?rest_route=\/wp\/v2\/types\/page"}],"author":[{"embeddable":true,"href":"https:\/\/uhal.sk\/index.php?rest_route=\/wp\/v2\/users\/2"}],"replies":[{"embeddable":true,"href":"https:\/\/uhal.sk\/index.php?rest_route=%2Fwp%2Fv2%2Fcomments&post=3467"}],"version-history":[{"count":43,"href":"https:\/\/uhal.sk\/index.php?rest_route=\/wp\/v2\/pages\/3467\/revisions"}],"predecessor-version":[{"id":4096,"href":"https:\/\/uhal.sk\/index.php?rest_route=\/wp\/v2\/pages\/3467\/revisions\/4096"}],"wp:attachment":[{"href":"https:\/\/uhal.sk\/index.php?rest_route=%2Fwp%2Fv2%2Fmedia&parent=3467"}],"curies":[{"name":"wp","href":"https:\/\/api.w.org\/{rel}","templated":true}]}}